?
8
What is the units digit of 4640?
0
What is the tens digit of 31407?
0
What is the thousands digit of 57363?
7
What is the units digit of 1226?
6
What is the hundreds digit of 891?
8
What is the thousands digit of 2717?
2
What is the hundreds digit of 3240?
2
What is the tens digit of 3254?
5
What is the units digit of 4052?
2
What is the hundred thousands digit of 144791?
1
What is the thousands digit of 3416?
3
What is the tens digit of 3625?
2
What is the ten thousands digit of 101509?
0
What is the ten thousands digit of 11357?
1
What is the hundreds digit of 33815?
8
What is the thousands digit of 1042?
1
What is the tens digit of 1313?
1
What is the units digit of 136199?
9
What is the hundreds digit of 324?
3
What is the tens digit of 18532?
3
What is the thousands digit of 60079?
0
What is the thousands digit of 98425?
8
What is the ten thousands digit of 34527?
3
What is the hundreds digit of 370?
3
What is the tens digit of 476?
7
What is the tens digit of 3400?
0
What is the hundreds digit of 3013?
0
What is the ten thousands digit of 25892?
2
What is the ten thousands digit of 96004?
9
What is the tens digit of 149?
4
What is the tens digit of 1103?
0
What is the units digit of 1091?
1
What is the tens digit of 6111?
1
What is the hundreds digit of 753?
7
What is the units digit of 189?
9
What is the thousands digit of 4679?
4
What is the thousands digit of 4947?
4
What is the hundreds digit of 1095?
0
What is the tens digit of 11745?
4
What is the ten thousands digit of 35579?
3
What is the tens digit of 73201?
0
What is the hundreds digit of 8631?
6
What is the tens digit of 2700?
0
What is the tens digit of 1735?
3
What is the thousands digit of 43085?
3
What is the units digit of 1606?
6
What is the units digit of 17924?
4
What is the thousands digit of 31070?
1
What is the ten thousands digit of 12451?
1
What is the tens digit of 103301?
0
What is the tens digit of 111450?
5
What is the thousands digit of 2142?
2
What is the hundreds digit of 211?
2
What is the tens digit of 23078?
7
What is the units digit of 37?
7
What is the units digit of 490?
0
What is the hundreds digit of 1503?
5
What is the units digit of 303?
3
What is the tens digit of 16425?
2
What is the tens digit of 48382?
8
What is the thousands digit of 54933?
4
What is the tens digit of 9007?
0
What is the tens digit of 733?
3
What is the tens digit of 17642?
4
What is the units digit of 619?
9
What is the hundreds digit of 2899?
8
What is the units digit of 5469?
9
What is the hundreds digit of 5087?
0
What is the hundreds digit of 7242?
2
What is the thousands digit of 9228?
9
What is the units digit of 137683?
3
What is the hundreds digit of 7465?
4
What is the units digit of 15119?
9
What is the hundreds digit of 850?
8
What is the tens digit of 24418?
1
What is the units digit of 33037?
7
What is the thousands digit of 1438?
1
What is the units digit of 5104?
4
What is the ten thousands digit of 16661?
1
What is the hundreds digit of 1783?
7
What is the tens digit of 1263?
6
What is the tens digit of 1795?
9
What is the tens digit of 345?
4
What is the hundreds digit of 16860?
8
What is the hundreds digit of 3738?
7
What is the tens digit of 1254?
5
What is the units digit of 2573?
3
What is the units digit of 30110?
0
What is the thousands digit of 1064?
1
What is the ten thousands digit of 15829?
1
What is the hundreds digit of 2302?
3
What is the hundreds digit of 7933?
9
What is the thousands digit of 22324?
2
What is the hundreds digit of 29811?
8
What is the tens digit of 41345?
4
What is the tens digit of 519?
1
What is the hundreds digit of 6861?
8
What is the thousands digit of 1192?
1
What is the tens digit of 866?
6
What is the thousands digit of 48291?
8
What is the thousands digit of 1518?
1
What is the tens digit of 1649?
4
What is the tens digit of 629?
2
What is the tens digit of 6154?
5
What is the hundreds digit of 1380?
3
What is the thousands digit of 3204?
3
What is the hundreds digit of 81083?
0
What is the hundreds digit of 6702?
7
What is the tens digit of 242?
4
What is the units digit of 4275?
5
What is the units digit of 4080?
0
What is the thousands digit of 20587?
0
What is the units digit of 651?
1
What is the thousands digit of 2571?
2
What is the tens digit of 4284?
8
What is the hundreds digit of 21746?
7
What is the units digit of 944?
4
What is the units digit of 496?
6
What is the tens digit of 46473?
7
What is the hundreds digit of 1908?
9
What is the tens digit of 887?
8
What is the hundreds digit of 2753?
7
What is the hundreds digit of 6820?
8
What is the units digit of 39794?
4
What is the thousands digit of 2683?
2
What is the hundreds digit of 1189?
1
What is the ten thousands digit of 85140?
8
What is the thousands digit of 1051?
1
What is the units digit of 1201?
1
What is the thousands digit of 42863?
2
What is the tens digit of 3051?
5
What is the units digit of 6894?
4
What is the ten thousands digit of 110302?
1
What is the hundreds digit of 102?
1
What is the hundreds digit of 13409?
4
What is the hundreds digit of 84443?
4
What is the units digit of 704?
4
What is the units digit of 6465?
5
What is the units digit of 418?
8
What is the units digit of 121953?
3
What is the thousands digit of 4370?
4
What is the tens digit of 3462?
6
What is the thousands digit of 6778?
6
What is the thousands digit of 55903?
5
What is the hundreds digit of 291?
2
What is the tens digit of 6484?
8
What is the hundreds digit of 19114?
1
What is the thousands digit of 10461?
0
What is the hundreds digit of 2061?
0
What is the hundreds digit of 541?
5
What is the thousands digit of 12783?
2
What is the units digit of 70?
0
What is the hundreds digit of 1268?
2
What is the tens digit of 1945?
4
What is the tens digit of 49604?
0
What is the hundreds digit of 869?
8
What is the thousands digit of 22369?
2
What is the thousands digit of 1008?
1
What is the ten thousands digit of 50767?
5
What is the tens digit of 931?
3
What is the units digit of 4522?
2
What is the hundreds digit of 4144?
1
What is the thousands digit of 1338?
1
What is the tens digit of 47624?
2
What is the units digit of 959?
9
What is the hundreds digit of 1348?
3
What is the units digit of 539?
9
What is the thousands digit of 5450?
5
What is the thousands digit of 5694?
5
What is the ten thousands digit of 98005?
9
What is the hundred thousands digit of 148594?
1
What is the units digit of 6367?
7
What is the hundreds digit of 13861?
8
What is the ten thousands digit of 130126?
3
What is the tens digit of 2492?
9
What is the thousands digit of 17279?
7
What is the tens digit of 1753?
5
What is the ten thousands digit of 44138?
4
What is the hundreds digit of 12230?
2
What is the units digit of 6525?
5
What is the tens digit of 2333?
3
What is the hundreds digit of 1374?
3
What is the units digit of 27232?
2
What is the thousands digit of 1930?
1
What is the thousands digit of 1254?
1
What is the hundreds digit of 3971?
9
What is the ten thousands digit of 37014?
3
What is the thousands digit of 35953?
5
What is the units digit of 1714?
4
What is the thousands digit of 28488?
8
What is the ten thousands digit of 122310?
2
What is the hundred thousands digit of 161498?
1
What is the units digit of 94?
4
What is the ten thousands digit of 42987?
4
What is the units digit of 10471?
1
What is the tens digit of 37064?
6
What is the thousands digit of 23381?
3
What is the tens digit of 242?
4
What is the hundred thousands digit of 140449?
1
What is the units digit of 48350?
0
What is the thousands digit of 7851?
7
What is the hundreds digit of 2660?
6
What is the units digit of 1978?
8
What is the thousands digit of 3071?
3
What is the thousands digit of 26361?
6
What is the hundreds digit of 6023?
0
What is the tens digit of 859?
5
What is the units digit of 913?
3
What is the thousands digit of 1371?
1
What is the tens digit of 21410?
1
What is the thousands digit of 2292?
2
What is the hundreds digit of 1399?
3
What is the hundreds digit of 1200?
2
What is the hundreds digit of 3939?
9
What is the tens digit of 45005?
0
What is the tens digit of 988?
8
What is the units digit of 960?
0
What is the thousands digit of 1140?
1
What is the hundreds digit of